{"id":1118,"date":"2018-07-11T11:43:45","date_gmt":"2018-07-11T10:43:45","guid":{"rendered":"https:\/\/www.dyktige.no\/?page_id=1118"},"modified":"2018-07-11T15:22:25","modified_gmt":"2018-07-11T14:22:25","slug":"veiledning-om-arbeidstillatelse","status":"publish","type":"page","link":"https:\/\/www.dyktige.no\/?page_id=1118","title":{"rendered":"Veiledning om arbeidstillatelse"},"content":{"rendered":"<p><a href=\"https:\/\/www.dyktige.no\/wp-content\/uploads\/2018\/07\/2018-07-11-Arbeidstillatelse-Ahmad-Karamosh.pdf\" target=\"_blank\" rel=\"noopener\">Eksempel p\u00e5 arbeidstillatelse<\/a><\/p>\n<p>For \u00e5 hjelpe ureturnerbare asyls\u00f8kere i jobbs\u00f8keprosessen utsteder jeg arbeidstillatelser hjemlet i grunnloven og menneskerettsloven. Disse m\u00e5 asyls\u00f8ker ta utskrifter av, og gi til de steder han s\u00f8ker jobb. For \u00e5 motta arbeidstillatelse m\u00e5 du sende epost til <a href=\"mailto:arne.viste@lyse.net\">arne.viste@lyse.net<\/a> med f\u00f8lgende informasjon:<\/p>\n<ul>\n<li>Sp\u00f8rsm\u00e5l om \u00e5 f\u00e5 arbeidstillatelse<\/li>\n<li>Fullt navn<\/li>\n<li>DUF-nummer<\/li>\n<li>Status p\u00e5 asyls\u00f8knaden<\/li>\n<li>Nasjonallitet<\/li>\n<li>Litt mer info om deg og din situasjon<\/li>\n<li>Adresse\u00a0 \u00a0 \u00a0 \u00a0 \u00a0 \u00a0 \u00a0 \u00a0 \u00a0 \u00a0 \u00a0 \u00a0 \u00a0 \u00a0 \u00a0 \u00a0 \u00a0 \u00a0 \u00a0 \u00a0 \u00a0(frivillig)<\/li>\n<li>Telefonnummer\u00a0 \u00a0 \u00a0 \u00a0 \u00a0 \u00a0 \u00a0 \u00a0 \u00a0 \u00a0 \u00a0 \u00a0 (frivillig)<\/li>\n<li>Bilde av asyls\u00f8kerbeviset\u00a0 \u00a0 \u00a0 (frivillig)<\/li>\n<\/ul>\n<p>Ingen vet om disse arbeidstillatelsene er gyldige f\u00f8r en domstol (h\u00f8yesterett eller EMD) har bestemt. Fram til vi kjenner utfallet av domstolsbehandlingen vet vi at grunnloven og menneskerettsloven gjelder, og at disse har h\u00f8yere rang enn utlendingsloven. Dersom domstolene finner ut at grunnloven og menneskerettsloven betyr noe annet enn det ser ut som, m\u00e5 vi v\u00e6re forberedt p\u00e5 \u00e5 avslutte arbeidet n\u00e5r rettskraftig dom foreligger.<\/p>\n<p>Jeg oppfordrer ogs\u00e5 asyls\u00f8kere om \u00e5 sende kopi av arbeidstillatelsen sin til det lokale politi eller arbeidstilsyn p\u00e5 epost, og sp\u00f8rre: \u00abHar dere innvendinger til grunnloven og\/eller menneskerettsloven slik de er anvendt i vedlagte arbeidstillatelse?\u00bb Be om skriftlig svar. Kopi av svaret sender dere til <a href=\"mailto:arne.viste@lyse.net\">arne.viste@lyse.net<\/a>. Da kan vi benytte disse svarene (eller manglende svar) under domstolsbehandlingen.<\/p>\n","protected":false},"excerpt":{"rendered":"<p>Eksempel p\u00e5 arbeidstillatelse For \u00e5 hjelpe ureturnerbare asyls\u00f8kere i jobbs\u00f8keprosessen utsteder jeg arbeidstillatelser hjemlet i&#46;&#46;&#46;<\/p>\n","protected":false},"author":1,"featured_media":0,"parent":0,"menu_order":0,"comment_status":"closed","ping_status":"closed","template":"","meta":{"footnotes":""},"class_list":["post-1118","page","type-page","status-publish","hentry"],"_links":{"self":[{"href":"https:\/\/www.dyktige.no\/index.php?rest_route=\/wp\/v2\/pages\/1118","targetHints":{"allow":["GET"]}}],"collection":[{"href":"https:\/\/www.dyktige.no\/index.php?rest_route=\/wp\/v2\/pages"}],"about":[{"href":"https:\/\/www.dyktige.no\/index.php?rest_route=\/wp\/v2\/types\/page"}],"author":[{"embeddable":true,"href":"https:\/\/www.dyktige.no\/index.php?rest_route=\/wp\/v2\/users\/1"}],"replies":[{"embeddable":true,"href":"https:\/\/www.dyktige.no\/index.php?rest_route=%2Fwp%2Fv2%2Fcomments&post=1118"}],"version-history":[{"count":5,"href":"https:\/\/www.dyktige.no\/index.php?rest_route=\/wp\/v2\/pages\/1118\/revisions"}],"predecessor-version":[{"id":1161,"href":"https:\/\/www.dyktige.no\/index.php?rest_route=\/wp\/v2\/pages\/1118\/revisions\/1161"}],"wp:attachment":[{"href":"https:\/\/www.dyktige.no\/index.php?rest_route=%2Fwp%2Fv2%2Fmedia&parent=1118"}],"curies":[{"name":"wp","href":"https:\/\/api.w.org\/{rel}","templated":true}]}}